{"id":40,"date":"2016-08-17T20:26:02","date_gmt":"2016-08-17T20:26:02","guid":{"rendered":"http:\/\/s137740124.online.de\/?page_id=40"},"modified":"2021-08-07T22:24:41","modified_gmt":"2021-08-07T22:24:41","slug":"referenzen","status":"publish","type":"page","link":"https:\/\/www.3p-event.de\/?page_id=40","title":{"rendered":"Referenzen"},"content":{"rendered":"<p>Einige Kunden, f\u00fcr die wir bereits erfolgreich gearbeitet haben:<\/p>\n<p><strong>Museen<\/strong><\/p>\n<ul>\n<li>Bergisches Museum Schloss Burg, Solingen<\/li>\n<li>Burgenmuseum Nideggen<\/li>\n<li>LVR-LandesMuseum Bonn<\/li>\n<li>Max Ernst-Museum Br\u00fchl des LVR<\/li>\n<li>Reiss-Engelhorn-Museen, Mannheim<\/li>\n<li>R\u00f6merthermen Z\u00fclpich &#8211; Museum der Badekultur<\/li>\n<li>Wartburg, Eisenach<\/li>\n<\/ul>\n<p><strong>St\u00e4dte und Gemeinden<\/strong><\/p>\n<ul>\n<li>Stadt Bad Wimpfen<\/li>\n<li>Stadtarchiv Rheinbach<\/li>\n<li>Stadt Trier<\/li>\n<li>Jugendamt der Stadt Bochum<\/li>\n<\/ul>\n<p><strong>Vereine<\/strong><\/p>\n<ul>\n<li>Festausschuss 1175 Wormersdorf, Rheinbach<\/li>\n<li>Freundeskreis R\u00f6merkanal e.V., Rheinbach<\/li>\n<\/ul>\n<p><strong>Sonstige<\/strong><\/p>\n<ul>\n<li>Bonner M\u00fcnster<\/li>\n<li>Ehrenburg, Brodenbach a.d. Mosel<\/li>\n<li>LVR-Amt f\u00fcr Bodendenkmalpflege, Au\u00dfenstelle Nideggen<\/li>\n<li>LVR-Amt f\u00fcr Bodendenkmalpflege, Au\u00dfenstelle Titz<\/li>\n<li>medien.de, Bonn \/ Sparkasse K\u00f6lnBonn<\/li>\n<li>NRW-Stiftung<\/li>\n<\/ul>\n<p>Dazu kommen zahlreiche Veranstaltungen in Kinderg\u00e4rten und Schulen inklusive OGS, bei Firmen- und Familienfeiern.<\/p>\n","protected":false},"excerpt":{"rendered":"<p>Einige Kunden, f\u00fcr die wir bereits erfolgreich gearbeitet haben: Museen Bergisches Museum Schloss Burg, Solingen Burgenmuseum Nideggen LVR-LandesMuseum Bonn Max Ernst-Museum Br\u00fchl des LVR Reiss-Engelhorn-Museen, Mannheim R\u00f6merthermen Z\u00fclpich &#8211; Museum der Badekultur Wartburg, Eisenach St\u00e4dte und Gemeinden Stadt Bad Wimpfen Stadtarchiv Rheinbach Stadt Trier Jugendamt der Stadt Bochum Vereine Festausschuss 1175 Wormersdorf, Rheinbach Freundeskreis R\u00f6merkanal &hellip; <a href=\"https:\/\/www.3p-event.de\/?page_id=40\" class=\"more-link\"><span class=\"screen-reader-text\">Referenzen<\/span> weiterlesen <span class=\"meta-nav\">&rarr;<\/span><\/a><\/p>\n","protected":false},"author":1,"featured_media":0,"parent":18,"menu_order":2,"comment_status":"closed","ping_status":"closed","template":"","meta":{"footnotes":""},"class_list":["post-40","page","type-page","status-publish","hentry"],"yoast_head":"<!-- This site is optimized with the Yoast SEO plugin v27.5 - https:\/\/yoast.com\/product\/yoast-seo-wordpress\/ -->\n<title>Referenzen - Past Present Promotions<\/title>\n<meta name=\"robots\" content=\"index, follow, max-snippet:-1, max-image-preview:large, max-video-preview:-1\" \/>\n<link rel=\"canonical\" href=\"https:\/\/www.3p-event.de\/?page_id=40\" \/>\n<meta property=\"og:locale\" content=\"de_DE\" \/>\n<meta property=\"og:type\" content=\"article\" \/>\n<meta property=\"og:title\" content=\"Referenzen - Past Present Promotions\" \/>\n<meta property=\"og:description\" content=\"Einige Kunden, f\u00fcr die wir bereits erfolgreich gearbeitet haben: Museen Bergisches Museum Schloss Burg, Solingen Burgenmuseum Nideggen LVR-LandesMuseum Bonn Max Ernst-Museum Br\u00fchl des LVR Reiss-Engelhorn-Museen, Mannheim R\u00f6merthermen Z\u00fclpich &#8211; Museum der Badekultur Wartburg, Eisenach St\u00e4dte und Gemeinden Stadt Bad Wimpfen Stadtarchiv Rheinbach Stadt Trier Jugendamt der Stadt Bochum Vereine Festausschuss 1175 Wormersdorf, Rheinbach Freundeskreis R\u00f6merkanal &hellip; Referenzen weiterlesen &rarr;\" \/>\n<meta property=\"og:url\" content=\"https:\/\/www.3p-event.de\/?page_id=40\" \/>\n<meta property=\"og:site_name\" content=\"Past Present Promotions\" \/>\n<meta property=\"article:publisher\" content=\"https:\/\/www.facebook.com\/PastPresentPromotions\" \/>\n<meta property=\"article:modified_time\" content=\"2021-08-07T22:24:41+00:00\" \/>\n<meta name=\"twitter:card\" content=\"summary_large_image\" \/>\n<meta name=\"twitter:label1\" content=\"Gesch\u00e4tzte Lesezeit\" \/>\n\t<meta name=\"twitter:data1\" content=\"1\u00a0Minute\" \/>\n<script type=\"application\/ld+json\" class=\"yoast-schema-graph\">{\"@context\":\"https:\\\/\\\/schema.org\",\"@graph\":[{\"@type\":\"WebPage\",\"@id\":\"https:\\\/\\\/www.3p-event.de\\\/?page_id=40\",\"url\":\"https:\\\/\\\/www.3p-event.de\\\/?page_id=40\",\"name\":\"Referenzen - Past Present Promotions\",\"isPartOf\":{\"@id\":\"https:\\\/\\\/www.3p-event.de\\\/#website\"},\"datePublished\":\"2016-08-17T20:26:02+00:00\",\"dateModified\":\"2021-08-07T22:24:41+00:00\",\"breadcrumb\":{\"@id\":\"https:\\\/\\\/www.3p-event.de\\\/?page_id=40#breadcrumb\"},\"inLanguage\":\"de\",\"potentialAction\":[{\"@type\":\"ReadAction\",\"target\":[\"https:\\\/\\\/www.3p-event.de\\\/?page_id=40\"]}]},{\"@type\":\"BreadcrumbList\",\"@id\":\"https:\\\/\\\/www.3p-event.de\\\/?page_id=40#breadcrumb\",\"itemListElement\":[{\"@type\":\"ListItem\",\"position\":1,\"name\":\"Startseite\",\"item\":\"https:\\\/\\\/www.3p-event.de\\\/\"},{\"@type\":\"ListItem\",\"position\":2,\"name\":\"Past Present Promotions\",\"item\":\"https:\\\/\\\/www.3p-event.de\\\/\"},{\"@type\":\"ListItem\",\"position\":3,\"name\":\"Referenzen\"}]},{\"@type\":\"WebSite\",\"@id\":\"https:\\\/\\\/www.3p-event.de\\\/#website\",\"url\":\"https:\\\/\\\/www.3p-event.de\\\/\",\"name\":\"Past Present Promotions\",\"description\":\"Historische Interpretationen\",\"publisher\":{\"@id\":\"https:\\\/\\\/www.3p-event.de\\\/#organization\"},\"potentialAction\":[{\"@type\":\"SearchAction\",\"target\":{\"@type\":\"EntryPoint\",\"urlTemplate\":\"https:\\\/\\\/www.3p-event.de\\\/?s={search_term_string}\"},\"query-input\":{\"@type\":\"PropertyValueSpecification\",\"valueRequired\":true,\"valueName\":\"search_term_string\"}}],\"inLanguage\":\"de\"},{\"@type\":\"Organization\",\"@id\":\"https:\\\/\\\/www.3p-event.de\\\/#organization\",\"name\":\"Past Present Promotions GbR\",\"url\":\"https:\\\/\\\/www.3p-event.de\\\/\",\"logo\":{\"@type\":\"ImageObject\",\"inLanguage\":\"de\",\"@id\":\"https:\\\/\\\/www.3p-event.de\\\/#\\\/schema\\\/logo\\\/image\\\/\",\"url\":\"https:\\\/\\\/www.3p-event.de\\\/wp-content\\\/uploads\\\/2016\\\/08\\\/logo_wp_blau_gross.gif\",\"contentUrl\":\"https:\\\/\\\/www.3p-event.de\\\/wp-content\\\/uploads\\\/2016\\\/08\\\/logo_wp_blau_gross.gif\",\"width\":512,\"height\":511,\"caption\":\"Past Present Promotions GbR\"},\"image\":{\"@id\":\"https:\\\/\\\/www.3p-event.de\\\/#\\\/schema\\\/logo\\\/image\\\/\"},\"sameAs\":[\"https:\\\/\\\/www.facebook.com\\\/PastPresentPromotions\"]}]}<\/script>\n<!-- \/ Yoast SEO plugin. -->","yoast_head_json":{"title":"Referenzen - Past Present Promotions","robots":{"index":"index","follow":"follow","max-snippet":"max-snippet:-1","max-image-preview":"max-image-preview:large","max-video-preview":"max-video-preview:-1"},"canonical":"https:\/\/www.3p-event.de\/?page_id=40","og_locale":"de_DE","og_type":"article","og_title":"Referenzen - Past Present Promotions","og_description":"Einige Kunden, f\u00fcr die wir bereits erfolgreich gearbeitet haben: Museen Bergisches Museum Schloss Burg, Solingen Burgenmuseum Nideggen LVR-LandesMuseum Bonn Max Ernst-Museum Br\u00fchl des LVR Reiss-Engelhorn-Museen, Mannheim R\u00f6merthermen Z\u00fclpich &#8211; Museum der Badekultur Wartburg, Eisenach St\u00e4dte und Gemeinden Stadt Bad Wimpfen Stadtarchiv Rheinbach Stadt Trier Jugendamt der Stadt Bochum Vereine Festausschuss 1175 Wormersdorf, Rheinbach Freundeskreis R\u00f6merkanal &hellip; Referenzen weiterlesen &rarr;","og_url":"https:\/\/www.3p-event.de\/?page_id=40","og_site_name":"Past Present Promotions","article_publisher":"https:\/\/www.facebook.com\/PastPresentPromotions","article_modified_time":"2021-08-07T22:24:41+00:00","twitter_card":"summary_large_image","twitter_misc":{"Gesch\u00e4tzte Lesezeit":"1\u00a0Minute"},"schema":{"@context":"https:\/\/schema.org","@graph":[{"@type":"WebPage","@id":"https:\/\/www.3p-event.de\/?page_id=40","url":"https:\/\/www.3p-event.de\/?page_id=40","name":"Referenzen - Past Present Promotions","isPartOf":{"@id":"https:\/\/www.3p-event.de\/#website"},"datePublished":"2016-08-17T20:26:02+00:00","dateModified":"2021-08-07T22:24:41+00:00","breadcrumb":{"@id":"https:\/\/www.3p-event.de\/?page_id=40#breadcrumb"},"inLanguage":"de","potentialAction":[{"@type":"ReadAction","target":["https:\/\/www.3p-event.de\/?page_id=40"]}]},{"@type":"BreadcrumbList","@id":"https:\/\/www.3p-event.de\/?page_id=40#breadcrumb","itemListElement":[{"@type":"ListItem","position":1,"name":"Startseite","item":"https:\/\/www.3p-event.de\/"},{"@type":"ListItem","position":2,"name":"Past Present Promotions","item":"https:\/\/www.3p-event.de\/"},{"@type":"ListItem","position":3,"name":"Referenzen"}]},{"@type":"WebSite","@id":"https:\/\/www.3p-event.de\/#website","url":"https:\/\/www.3p-event.de\/","name":"Past Present Promotions","description":"Historische Interpretationen","publisher":{"@id":"https:\/\/www.3p-event.de\/#organization"},"potentialAction":[{"@type":"SearchAction","target":{"@type":"EntryPoint","urlTemplate":"https:\/\/www.3p-event.de\/?s={search_term_string}"},"query-input":{"@type":"PropertyValueSpecification","valueRequired":true,"valueName":"search_term_string"}}],"inLanguage":"de"},{"@type":"Organization","@id":"https:\/\/www.3p-event.de\/#organization","name":"Past Present Promotions GbR","url":"https:\/\/www.3p-event.de\/","logo":{"@type":"ImageObject","inLanguage":"de","@id":"https:\/\/www.3p-event.de\/#\/schema\/logo\/image\/","url":"https:\/\/www.3p-event.de\/wp-content\/uploads\/2016\/08\/logo_wp_blau_gross.gif","contentUrl":"https:\/\/www.3p-event.de\/wp-content\/uploads\/2016\/08\/logo_wp_blau_gross.gif","width":512,"height":511,"caption":"Past Present Promotions GbR"},"image":{"@id":"https:\/\/www.3p-event.de\/#\/schema\/logo\/image\/"},"sameAs":["https:\/\/www.facebook.com\/PastPresentPromotions"]}]}},"_links":{"self":[{"href":"https:\/\/www.3p-event.de\/index.php?rest_route=\/wp\/v2\/pages\/40","targetHints":{"allow":["GET"]}}],"collection":[{"href":"https:\/\/www.3p-event.de\/index.php?rest_route=\/wp\/v2\/pages"}],"about":[{"href":"https:\/\/www.3p-event.de\/index.php?rest_route=\/wp\/v2\/types\/page"}],"author":[{"embeddable":true,"href":"https:\/\/www.3p-event.de\/index.php?rest_route=\/wp\/v2\/users\/1"}],"replies":[{"embeddable":true,"href":"https:\/\/www.3p-event.de\/index.php?rest_route=%2Fwp%2Fv2%2Fcomments&post=40"}],"version-history":[{"count":8,"href":"https:\/\/www.3p-event.de\/index.php?rest_route=\/wp\/v2\/pages\/40\/revisions"}],"predecessor-version":[{"id":494,"href":"https:\/\/www.3p-event.de\/index.php?rest_route=\/wp\/v2\/pages\/40\/revisions\/494"}],"up":[{"embeddable":true,"href":"https:\/\/www.3p-event.de\/index.php?rest_route=\/wp\/v2\/pages\/18"}],"wp:attachment":[{"href":"https:\/\/www.3p-event.de\/index.php?rest_route=%2Fwp%2Fv2%2Fmedia&parent=40"}],"curies":[{"name":"wp","href":"https:\/\/api.w.org\/{rel}","templated":true}]}}